et w(l) = -2*l + 15. Let a(x) = x - 5. Let k be 4/7*7/2. Let y(j) = k*w(j) + 7*a(j). Calculate y(4).
7
Let q(n) = n**3 + 7*n**2 - 8*n + 5. Suppose 32 = -4*x + 2*s, 0 = x - 2*x - 3*s - 8. Let t be q(x). Let f(h) = h**2 - 5*h + 5. Give f(t).
5
Let f(n) = -n**2 - 3*n + 1. Let u = 6 + -1. Let r(x) = -4 - 2*x**2 - 6*x - x**3 + x + 8*x**2. Let i be r(u). Give f(i).
-3
Let z(j) be the first derivative of j**4/4 + 5*j**3/3 - 2*j**2 - 6*j + 8. Give z(-4).
26
Let u(d) be the third derivative of -d**6/120 - d**5/15 + d**4/4 - 2*d**3/3 + d**2 - 3*d. Suppose 0 = 4*p - 6 + 26. Calculate u(p).
-9
Let p(b) = b - 4. Let d(m) = m - 7. Let v be d(9). Suppose -l + v = -1. Determine p(l).
-1
Let v(l) = l**3 + 3*l**2 - 4*l - 2. Let a = -4 - 0. Determine v(a).
-2
Let n(u) = -u - 2. Let i = -4 - -2. Let g be -1 + (i + -1 - -10). Give n(g).
-8
Let q(f) be the first derivative of -2/3*f**3 - 2*f**2 - 2*f - 3. Determine q(-3).
-8
Let k(z) = 4*z + 13. Let t(x) = x + 3. Let m be 1 - ((-5 - -2) + 2). Let a(u) = m*k(u) - 9*t(u). Let p = 2 - 4. Give a(p).
1
Let m(o) = -o**2 + 7*o - 8. Let k be m(6). Let f(c) be the third derivative of -c**4/24 + c**2. Calculate f(k).
2
Let r(j) = 11*j - 1. Suppose 0 = -x + 3*u + 10, 2*x - 3 = u + 2. What is r(x)?
10
Let h = 5 + -1. Let i(j) = h*j**3 + 2 + 0 - 3 + j + j. Give i(1).
5
Let l(m) = -3*m + 10. Let a(u) = 2*u - 10. Let y(k) = -4*a(k) - 3*l(k). Let g be y(-6). Let s(t) = 5 + 3 - 2 - 3*t. What is s(g)?
-6
Let q(m) = -m**3 + 4*m**2 - 5*m + 4. Let k = -11 + 9. Let h(i) = -i**3 - i**2 - 1. Let r be h(k). Give q(r).
-2
Let c(k) = 2*k**2 - 4*k. Let l be ((-48)/40)/(2/(-25)). Let d = -1 + 11. Suppose s = -4*x + x + l, 4*x - d = 2*s. Give c(s).
6
Let a(i) = -10*i + 3. Let l(m) = 11*m - 4. Let t(g) = -6*a(g) - 5*l(g). Let j(b) = b**2 - 4*b - 7. Let q = 2 + 3. Let n be j(q). What is t(n)?
-8
Let d(r) be the third derivative of r**6/120 + r**5/20 - r**4/8 - r**3/2 + 15*r**2. Determine d(-3).
6
Let q(j) be the third derivative of j**6/120 + j**5/120 - j**3/3 + 2*j**2. Let v(t) be the first derivative of q(t). Let s = 2 - 3. Determine v(s).
2
Let j(g) = -g**3 - 4*g**2 + 7*g + 9. Let o(h) = 21*h + 8 - 3*h**3 - 10*h**2 - 6*h**2 + 18 + 4*h**2. Let i(c) = -11*j(c) + 4*o(c). What is i(-5)?
-5
Let t be ((-15)/6)/(1/2). Let u(p) = p - 4. Give u(t).
-9
Let b(k) be the third derivative of k**9/60480 - k**8/3360 - k**7/630 + k**6/720 + k**5/20 + 6*k**2. Let c(y) be the third derivative of b(y). What is c(7)?
-6
Let j(v) = -v**3 + 3 - v**2 + 4 + 4*v + 6*v**2. Calculate j(6).
-5
Let p(t) be the second derivative of -t**4/12 - t**3/6 - 7*t**2/2 + t. Let b(g) = g**3 - 8*g**2. Let d be b(8). Calculate p(d).
-7
Let r = -76 + 118. Suppose 3*j + 3 = 0, j - r = -5*z + 3*j. Let u(n) = -n + 9. What is u(z)?
1
Let l(r) = r**3 + 4*r**2 - r + 5. Let y be (-20)/40 + (-14)/4. Calculate l(y).
9
Let g(a) = 5*a**2 - 1. Suppose 3*j + 1 = -2*k, -k + 3*k = -5*j - 3. Determine g(k).
4
Let g be (-3)/(-2)*(-8)/(-3). Let o = g - -1. Let c(s) = 1. Let p(d) = -d**2 + 5*d. Let k(y) = 2*c(y) + p(y). Give k(o).
2
Let w(l) be the third derivative of l**5/60 - l**4/2 - 2*l**3/3 - 8*l**2. Let k be w(12). Let z(d) = -d**2 - 3*d - 1. What is z(k)?
-5
Let b(q) be the third derivative of q**6/240 + q**5/20 - q**4/6 + 4*q**2. Let m(z) be the second derivative of b(z). Give m(-5).
-9
Let v = 0 - -3. Suppose 2*z + v*k - 33 = 3*z, -3*z = -5*k + 91. Let b be (-38)/(-9) + 6/z. Let x(i) = -i - 5. Give x(b).
-9
Let q(c) = -2*c - 3. Let d(r) = -6*r. Let b be d(-1). Let t = b + -10. What is q(t)?
5
Let g(r) = r**2 - 3*r - 1. Suppose 0*t + t + 3*k = -6, 4*k + 9 = -t. Calculate g(t).
-1
Suppose 0 = -0*s + 2*s - 28. Suppose 5*i + 0*v = -4*v - 28, -2*i - s = 3*v. Let b(o) = -o**3 - 5*o**2 - 2*o + 3. Calculate b(i).
-5
Let b(q) = -7*q**3 + 11*q**2 - 7*q + 10. Let c(l) = -6*l**3 + 9*l**2 - 6*l + 9. Let o(a) = -5*b(a) + 6*c(a). What is o(0)?
4
Let n(w) be the first derivative of w**2/2 - 6*w - 3. Calculate n(-6).
-12
Let n(u) be the first derivative of u**5/20 + u**4/3 - 5*u**3/6 + u**2/2 - 3*u + 2. Let r(l) be the first derivative of n(l). Give r(-5).
1
Let v(u) = -3*u**2 - u**2 - u**3 + 9*u**2 + 4*u - 2 + 8. Give v(6).
-6
Let n(j) = -j - 2. Let z(g) = 2*g**2 + 23*g - 13. Let d be z(-12). Determine n(d).
-1
Let z(w) = 3 + 0 + 2*w + 2. Let b be z(-4). Let v(o) = -o + 3. Let x(u) = -u + 1. Let c(h) = 3*v(h) - 5*x(h). Give c(b).
-2
Let h(b) be the first derivative of -b**4/4 - b**3/3 - b**2/2 - 75. Determine h(-2).
6
Let r be 6/9 + (-136)/6. Let s = -16 - r. Let t(w) = -w**3 + 5*w**2 + 5*w + 8. Determine t(s).
2
Let y be 1/4*-10*-1 + 0. Let w(l) be the second derivative of -1/2*l**3 - y*l**2 - l + 0. Calculate w(-4).
7
Suppose -4*o - 3*g + 10 = -2*o, 0 = 4*g. Let t(p) = -p - 3*p**2 + 4*p**2 - p + 5 - 5*p. Give t(o).
-5
Let d(t) be the second derivative of t**4/12 - 2*t**3/3 + 2*t**2 - t. Suppose 2*g = -g + 12. Determine d(g).
4
Suppose 0*q - 3*q + 5*i = -19, 5*q = -3*i - 25. Let l = -3 - q. Let u(c) = 2 - 2*c - 3 + c. Calculate u(l).
0
Let n(d) = 10 + 10 - 23 + 4 - 4*d. Determine n(-5).
21
Let y be (-1)/(-1) + (4 - 1). Suppose y*g + 2*b = -26, 3*b + 15 = -2*g - 8. Let t(u) be the second derivative of u**3/3 + u**2/2 + 2*u. What is t(g)?
-7
Let p(x) = -x**3 - 5*x**2 - 3*x - 4. Suppose 2*w + 0 + 2 = 0, -3*w = 2*r + 1. Let y = r - 5. What is p(y)?
-8
Let k(m) be the second derivative of 7*m**3/6 - 23*m. Give k(1).
7
Let l(h) = -h. Let u be (5 - (-78)/(-15))/((-2)/10). What is l(u)?
-1
Let m = 9 + -9. Suppose m = -2*r + a - 6, -4*a = -4*r - 3*a - 12. Let g(j) = j + 4. Give g(r).
1
Let y(h) be the first derivative of -h**3/6 - 2*h + 1. Let b(u) be the first derivative of y(u). Suppose -20 = 2*w - 5*t - 6, 18 = -5*w + 4*t. What is b(w)?
2
Let t = -21 - -15. Let q = -2 - t. Let n(x) = -x**3 + 5*x**2 - 5. What is n(q)?
11
Let w(c) = 395 + 3*c**3 - 4*c**3 + 10*c - 409 - 10*c**2. Determine w(-11).
-3
Let u(o) = -o**2. Let v = 0 + 1. Suppose -z + 2*z = v. Give u(z).
-1
Let d(o) = 6*o + 7 + 0*o**2 - o**2 - o. Suppose -2*a = 3*g - 16, 4*g - 5*a - 11 = 3*g. What is d(g)?
1
Let w(z) = -z**2 + 8*z + 9. Let b be w(9). Suppose 10 = 5*m - b*m. Let f(v) = -5 + v**m - 2*v + 7*v + 1 - 6*v. Determine f(0).
-4
Let v(l) = l + 5. Suppose 2*u - 4*u + 4 = 0. Suppose -5 = -4*x - 1. Let o be (-18)/4 - x/u. What is v(o)?
0
Let w(n) be the first derivative of n**3/3 - 4*n**2 + 5*n + 3. Determine w(4).
-11
Let r(o) = -3*o - 2 + 5 - o**2 + 0*o**2. Let b(x) = -x**2 + 9*x + 2. Let v be b(6). Suppose -3*a - v = a. Determine r(a).
-7
Let i = 21 - 21. Let l(m) = m - 9. Determine l(i).
-9
Let f(j) = 2*j + 2. Let b be f(-2). Let o(n) = -n**2 - n. Let d(a) = a**3 + 5*a**2 + 7*a + 3. Let z(m) = d(m) + 3*o(m). Determine z(b).
-5
Let y(n) = n**3 + 5*n**2 - 7*n - 9. Let m(z) = -6*z + 42. Let a be m(8). Determine y(a).
-3
Let x = 6 + -6. Let h(t) be the first derivative of -t**2/2 - 8*t + 2. What is h(x)?
-8
Let a(v) = 4*v**3 + 3 + 3*v + 2*v**2 - 6*v**3 + 3*v**3. Let o(f) = f**2 + 4*f - 7. Let s be 1/(2/(-12)) - -1. Let h be o(s). Give a(h).
-3
Let k(b) = b**3 - 8*b**2 + 7*b - 2. Suppose -5*s + 35 = 5*a, 0 = 3*a + 5*s - 27 + 6. What is k(a)?
-2
Let l(s) = s**3 + 3*s**2 + s - 2. Let n = 3 - 1. Suppose -2*r + u + 5 = 0, -5*r + 14 = n*u - 4*u. Let w = 2 - r. What is l(w)?
0
Let g(p) be the first derivative of p**3/3 + 7*p**2/2 + 7*p + 7. Calculate g(-5).
-3
Let p(h) = 0*h + h + 3 - 2*h. Let g(s) = -2*s + 4. Let q be 2/(-12) + 11/(-6). Let v(w) = q*g(w) + 3*p(w). Calculate v(2).
3
Let x(o) be the third derivative of 0*o + 0 + 11/60*o**5 - 1/6*o**3 - 2*o**2 + 0*o**4. Calculate x(-1).
10
Let r = -2 + 3. Let i be (5 + -1 + -3)*r. Let x(q) = -9*q**3 + 1. Determine x(i).
-8
Let j(s) = 2*s + 20. Let b be j(-9). Let c(v) be the first derivative of 0*v**b + v - 1/3*v**3 - 3 - 3/4*v**4. Determine c(-1).
3
Suppose 2*s = 3*u - 13, 0 = -4*u - 5*s + 1 + 1. Let l(m) = -3*m + 4*m - 3*m + 6*m - u. Calculate l(2).
5
Suppose -2*t - 5 = -1. Let u(r) = r**2 + 4*r + 3. Calculate u(t).
-1
Let a be (-1 - (-2)/(-2)) + -1. Let g be a/1 - (-1 - 0). Let j(m) = 3 - m + 1 + 4*m - 3. Calculate j(g).
-5
Let d(r) = 2*r**2 + 2*r**2 - 2*r - 3*r**2 - 2*r**2. Suppose j = 2*g + 3, 0*g - 3*g = -4*j + 2. Give d(g).
0
Suppose 5*v - 10 = 5. Let q(z) be the second derivative of z**5/20 - z**4/4 - 